.
49
What is the remainder when 864 is divided by 145?
139
Calculate the remainder when 2788 is divided by 49.
44
What is the remainder when 40883 is divided by 119?
66
Calculate the remainder when 32122 is divided by 257.
254
Calculate the remainder when 234 is divided by 46.
4
Calculate the remainder when 904 is divided by 363.
178
What is the remainder when 66978 is divided by 24?
18
Calculate the remainder when 17933 is divided by 888.
173
Calculate the remainder when 89690 is divided by 472.
10
Calculate the remainder when 16331 is divided by 16320.
11
Calculate the remainder when 42400 is divided by 10.
0
What is the remainder when 945117 is divided by 660?
657
Calculate the remainder when 3344 is divided by 213.
149
What is the remainder when 2976284 is divided by 65?
64
Calculate the remainder when 8729 is divided by 1116.
917
Calculate the remainder when 251388 is divided by 42.
18
What is the remainder when 156490 is divided by 6?
4
What is the remainder when 29850 is divided by 107?
104
Calculate the remainder when 7371 is divided by 669.
12
Calculate the remainder when 32630 is divided by 453.
14
Calculate the remainder when 507 is divided by 63.
3
Calculate the remainder when 31765 is divided by 181.
90
What is the remainder when 6214113 is divided by 566?
565
What is the remainder when 55718 is divided by 324?
314
Calculate the remainder when 727 is divided by 149.
131
Calculate the remainder when 86013 is divided by 72.
45
What is the remainder when 2795 is divided by 400?
395
Calculate the remainder when 20892 is divided by 81.
75
What is the remainder when 1564 is divided by 513?
25
Calculate the remainder when 2996954 is divided by 327.
326
What is the remainder when 1036063 is divided by 665?
658
What is the remainder when 27592 is divided by 1069?
867
What is the remainder when 5284 is divided by 55?
4
What is the remainder when 237309 is divided by 206?
203
What is the remainder when 818 is divided by 99?
26
Calculate the remainder when 318414 is divided by 79.
44
Calculate the remainder when 22158 is divided by 156.
6
What is the remainder when 1368 is divided by 338?
16
Calculate the remainder when 22630 is divided by 390.
10
What is the remainder when 630814 is divided by 7?
2
Calculate the remainder when 3636 is divided by 3611.
25
What is the remainder when 1874 is divided by 49?
12
What is the remainder when 3039 is divided by 114?
75
Calculate the remainder when 25418 is divided by 8382.
272
What is the remainder when 46064 is divided by 43?
11
Calculate the remainder when 1152 is divided by 15.
12
Calculate the remainder when 2719 is divided by 458.
429
Calculate the remainder when 250049 is divided by 14.
9
Calculate the remainder when 38965 is divided by 942.
343
What is the remainder when 3560 is divided by 2521?
1039
What is the remainder when 460 is divided by 40?
20
What is the remainder when 10963 is divided by 558?
361
What is the remainder when 37992 is divided by 121?
119
Calculate the remainder when 1542 is divided by 1375.
167
What is the remainder when 1192072 is divided by 403?
401
What is the remainder when 6712 is divided by 56?
48
What is the remainder when 257 is divided by 86?
85
Calculate the remainder when 4664 is divided by 346.
166
What is the remainder when 25367 is divided by 6?
5
What is the remainder when 4721 is divided by 1175?
21
Calculate the remainder when 10598 is divided by 746.
154
Calculate the remainder when 12697 is divided by 843.
52
Calculate the remainder when 588411 is divided by 22.
21
Calculate the remainder when 19339 is divided by 104.
99
What is the remainder when 38774 is divided by 45?
29
What is the remainder when 10876 is divided by 64?
60
What is the remainder when 6077 is divided by 148?
9
What is the remainder when 1334 is divided by 273?
242
What is the remainder when 866131 is divided by 867?
865
Calculate the remainder when 28409 is divided by 9463.
20
What is the remainder when 134517 is divided by 87?
15
Calculate the remainder when 11929 is divided by 211.
113
Calculate the remainder when 16367 is divided by 9.
5
Calculate the remainder when 1674 is divided by 188.
170
Calculate the remainder when 758395 is divided by 10.
5
What is the remainder when 88365 is divided by 2325?
15
What is the remainder when 9846 is divided by 283?
224
What is the remainder when 8797698 is divided by 10?
8
What is the remainder when 124242 is divided by 38?
20
What is the remainder when 4869 is divided by 2415?
39
What is the remainder when 394383 is divided by 16?
15
What is the remainder when 16818 is divided by 16789?
29
Calculate the remainder when 8285 is divided by 439.
383
What is the remainder when 25330 is divided by 4?
2
Calculate the remainder when 280197 is divided by 25.
22
What is the remainder when 71673 is divided by 4778?
3
What is the remainder when 40611 is divided by 143?
142
Calculate the remainder when 5036 is divided by 128.
44
Calculate the remainder when 24594 is divided by 24581.
13
What is the remainder when 5029 is divided by 185?
34
Calculate the remainder when 1787 is divided by 1780.
7
What is the remainder when 21270 is divided by 409?
2
Calculate the remainder when 8574 is divided by 38.
24
Calculate the remainder when 5399209 is divided by 57.
55
Calculate the remainder when 1890 is divided by 145.
5
Calculate the remainder when 3400 is divided by 695.
620
Calculate the remainder when 88824 is divided by 70.
64
Calculate the remainder when 30356 is divided by 7.
4
Calculate the remainder when 2422 is divided by 153.
127
What is the remainder when 21090 is divided by 9?
3
What is the remainder when 4938 is divided by 42?
24
Calculate the remainder when 1189 is divided by 623.
566
Calculate the remainder when 3545 is divided by 590.
5
What is the remainder when 2966 is divided by 61?
38
Calculate the remainder when 20217 is divided by 42.
15
What is the remainder when 31793 is divided by 196?
41
Calculate the remainder when 26129 is divided by 13.
12
Calculate the remainder when 139144 is divided by 605.
599
What is the remainder when 32480 is divided by 570?
560
Calculate the remainder when 4121 is divided by 559.
208
Calculate the remainder when 5139102 is divided by 41.
39
Calculate the remainder when 12197 is divided by 31.
14
What is the remainder when 4887 is divided by 26?
25
What is the remainder when 6407 is divided by 457?
9
Calculate the remainder when 3454 is divided by 26.
22
Calculate the remainder when 291443 is divided by 68.
63
What is the remainder when 126170 is divided by 25234?
0
What is the remainder when 148010 is divided by 42?
2
What is the remainder when 12481 is divided by 2075?
31
Calculate the remainder when 99263 is divided by 87.
83
Calculate the remainder when 163359 is divided by 550.
9
Calculate the remainder when 111283 is divided by 647.
646
What is the remainder when 1120 is divided by 1034?
86
What is the remainder when 588064 is divided by 1262?
1234
What is the remainder when 225311 is divided by 96?
95
What is the remainder when 14761692 is divided by 32?
28
What is the remainder when 3176907 is divided by 16?
11
Calculate the remainder when 381243 is divided by 20.
3
What is the remainder when 45313 is divided by 57?
55
What is the remainder when 1738 is divided by 850?
38
Calculate the remainder when 115975 is divided by 38658.
1
Calculate the remainder when 7093 is divided by 357.
310
Calculate the remainder when 17425 is divided by 528.
1
Calculate the remainder when 29759 is divided by 155.
154
What is the remainder when 158728 is divided by 481?
479
Calculate the remainder when 35271 is divided by 29.
7
What is the remainder when 199466 is divided by 48?
26
What is the remainder when 2169340 is divided by 63?
61
What is the remainder when 12570 is divided by 126?
96
Calculate the remainder when 2338 is divided by 1954.
384
Calculate the remainder when 1022229 is divided by 3.
0
What is the remainder when 7429 is divided by 7405?
24
Calculate the remainder when 2120 is divided by 785.
550
What is the remainder when 20484 is divided by 42?
30
What is the remainder when 165470 is divided by 303?
32
What is the remainder when 57463 is divided by 28685?
93
What is the remainder when 170849 is divid